t b(n) = 2*n**2 + 19*n - 10. Suppose -2*h - 30 = -2. What is the remainder when b(h) is divided by 39?
38
Let u = 30 - 42. Let f = u - -16. What is the remainder when 178/f + (-6)/(-12) is divided by 12?
9
Let o = -2 - -42. Let q = o - 32. Suppose -2 = -p, 2*j = 5*j + p - q. Calculate the remainder when j is divided by 2.
0
Let c = 2052 - 1529. Calculate the remainder when c is divided by 25.
23
Suppose -i + 8 = -4. Suppose 0 = 3*d - w - 24, -7*d + 5*d + 2*w = -20. Calculate the remainder when i is divided by d.
5
Suppose 0 = d - 4*o - 823, 3 = -5*o + 6*o. What is the remainder when d is divided by 38?
37
Suppose -13*g + 12*g = 4*j - 266, g = j - 64. What is the remainder when j is divided by 48?
18
Suppose -5*j + 25 + 80 = 0. Let x = -18 + j. Suppose -x*y = 2*y - 170. What is the remainder when y is divided by 18?
16
Let x(g) = g**3 + 8*g**2 + 4*g. Let w be x(-7). Let z = w + -17. Suppose 2*i - z*i = -6. Calculate the remainder when i is divided by 2.
1
Suppose 3*l = -7*l - 1110. Let b = l + 129. Calculate the remainder when 60 is divided by b.
6
Suppose 4*w = 4*a - 288, -3*a + 229 = -2*w + 12. What is the remainder when 436 is divided by a?
71
Suppose -6*n = 491 - 5021. What is the remainder when n is divided by 21?
20
Calculate the remainder when 967 is divided by (-21 - -2)*-1*(2 + -1).
17
Suppose 0 = 15*s - 176 + 26. Calculate the remainder when 32 is divided by s.
2
Suppose 5*s = -0 + 10. Let c(p) = 2*p**2 + p - 1. Let t be c(s). Suppose 71 = 5*f - t. Calculate the remainder when 62 is divided by f.
14
Let v = 39 - 65. Let n = 59 + v. What is the remainder when n is divided by 13?
7
Suppose -3*s = 5*u - 92, -6*u + 3*s = -3*u - 36. Suppose 3*z = -z - u. What is the remainder when 19 + z + 1 + -5 is divided by 6?
5
Suppose 4*h + 12 = 4*y + 180, -4*y - 20 = 0. Let l = 0 + 10. What is the remainder when h is divided by l?
7
Let p(b) = b**3 - 10*b**2 + 2*b - 7. Let m = -3 + 5. Suppose m*g = -k + 22, -3*g - g - 4*k = -48. What is the remainder when 38 is divided by p(g)?
12
What is the remainder when 257 is divided by ((-12)/(-4))/3*(37 + 6)?
42
Suppose 0 = 3*q + 5*b - 42, 0*q - 110 = -5*q + 5*b. Calculate the remainder when 102 is divided by q.
7
Let z(w) = 3*w**2 - 3*w - 4. Let s be z(3). Calculate the remainder when (-21)/s*(-510)/9 is divided by 29.
27
Let b be (-2)/(-3) - 725/(-15). Let l = b - 33. What is the remainder when 26 is divided by l?
10
Suppose 0*y + y = -4. Let v = 31 - y. Calculate the remainder when v is divided by 18.
17
Let r(g) = 4*g - 23. Let z be r(6). Calculate the remainder when ((-54)/z)/(30/(-20)) is divided by 8.
4
Calculate the remainder when 557 is divided by (40 + 0)*(14 + -4)/20.
17
Let v = -5 + 9. Suppose -26 = g - 2*g - v*q, -g + q = -21. What is the remainder when g is divided by 13?
9
Let w = 384 + -216. Suppose -5*m = -157 - w. What is the remainder when m is divided by 22?
21
Suppose 0 = 4*i - 4 - 4. Let r(v) = 7*v + 18. Let q(g) = -8*g - 18. Let l(b) = 3*q(b) + 4*r(b). What is the remainder when i is divided by l(-4)?
0
Let h be ((-2)/5 + 0)/((-51)/(-255)). Let n(p) be the first derivative of p**3 - p**2/2 - p + 2. What is the remainder when 49 is divided by n(h)?
10
Let l be 221/91 + (-4)/(-7). Suppose -5*h + a = -35, -2*a + 16 + 5 = l*h. Let u = -6 + 8. What is the remainder when h is divided by u?
1
Let m = -48 - -31. Let r = 4 - m. What is the remainder when r is divided by 8?
5
Suppose 0 = -t + 7. Suppose -h + t = -8. Suppose -4*m + 230 = -0*m + 2*v, -5*v = -3*m + 166. What is the remainder when m is divided by h?
12
Let q = -4 + 5. Suppose -24*h + 50 = -22. What is the remainder when h is divided by q?
0
Let a = 266 - 189. What is the remainder when a is divided by 20?
17
Suppose -b + 0*b = -4. Let v(x) = -x**2 - 12*x - 11. Let i be v(-9). What is the remainder when b is divided by 36/i + 2/(-8)?
0
Suppose 5*j = 5*x + 35, 3*j + x = -x - 4. Let k = -8 + j. What is the remainder when (-9)/k - (-146)/4 is divided by 10?
8
Let s(g) = g**3 + 38*g**2 + 207*g - 16. Calculate the remainder when 313 is divided by s(-7).
43
Let m = 1038 + -982. Suppose -q = 35 + 3. Let x = q + 57. What is the remainder when m is divided by x?
18
Suppose -2595 = -29*c - 159. Calculate the remainder when 1089 is divided by c.
81
Let s(l) = l**3 + 45*l**2 + l + 81. Calculate the remainder when 176 is divided by s(-45).
32
Suppose -9 = 3*f, -176 = c - 6*c + 2*f. Calculate the remainder when c is divided by 30.
4
Let r(y) = y**3 - 9*y**2 - 25*y + 48. Calculate the remainder when r(11) is divided by 5.
0
Let m(f) = 8*f - 48. Let o be m(21). Suppose -4*j = -0*j - o. What is the remainder when 115 is divided by j?
25
Suppose -64 = -4*a + 284. What is the remainder when 173 is divided by a?
86
Suppose r - 18 = -31*j + 30*j, -8 = 4*j. What is the remainder when r is divided by 9?
2
Let c = 1956 + -1588. Calculate the remainder when c is divided by 62.
58
Let c be (-34)/(-12) + (2 - 22/12). Suppose -2*z - 48 = -c*z. Calculate the remainder when z is divided by 14.
6
Suppose 484*l = 493*l - 1503. What is the remainder when l is divided by 21?
20
Suppose 91 = 5*h - 104. What is the remainder when h is divided by ((-21)/9)/((8/72)/(-1))?
18
Let c(u) = 3*u**2 + 5*u - 23. What is the remainder when 236 is divided by c(-6)?
16
Suppose 0 = -50*n + 53*n - 882. What is the remainder when n is divided by 11?
8
Let y = -13 - -17. Suppose y*a = -2*s + 14, -3*s - 3*a = a - 17. Calculate the remainder when 91 is divided by (-6)/s*92/(-8).
22
Suppose -4*q + 156 = 4*w, -120 = -5*q + 2*w + 61. Let n = -3 + -5. Let k = 18 + n. What is the remainder when q is divided by k?
7
Let k = -360 + 715. What is the remainder when k is divided by 17?
15
Suppose -5 - 3 = 4*w. Let i be (3 + 394/w)/(-2). Let f = 162 - i. Calculate the remainder when f is divided by 11.
10
Let x = -81 + 134. What is the remainder when x is divided by 14?
11
Let y(w) = w**3 - 35*w**2 + 96*w + 23. What is the remainder when 711 is divided by y(32)?
21
Suppose -5 - 11 = -2*u. Let l(h) = h**3 + 6*h**2 + 3*h + 4. What is the remainder when l(-3) is divided by u?
6
Let v be (-1)/(((-10)/5)/74). Let y = 47 - v. What is the remainder when 52/65 + 592/y is divided by 21?
18
Let b(m) = 4*m**3 - m**2 + 2*m - 2. Suppose -4*w + 354 = -w - 3*n, 3*n = 0. What is the remainder when w is divided by b(2)?
28
Suppose 0 = -3*u + 2*u + 2. Suppose -18 = -2*l + u. Calculate the remainder when 39 is divided by l.
9
Calculate the remainder when (-7)/((-42)/4)*201 is divided by 24.
14
Suppose -j + 28 = 21. Calculate the remainder when j is divided by 3.
1
Suppose 33*q + 73 = 1360. What is the remainder when 145 is divided by q?
28
Suppose 110 = 2*j - 142. Let q = -111 + j. What is the remainder when 73 is divided by q?
13
Suppose 0 = -4*j - 856 + 1004. Calculate the remainder when j is divided by 2.
1
Let s = -1154 + 1177. Calculate the remainder when 244 is divided by s.
14
Suppose -2*f = 3*w - 171, 3*w - 90 = -14*f + 13*f. Calculate the remainder when 150 is divided by f.
69
Let d = 41 + -8. Suppose 6*j = 7*j + a - 5, 0 = 2*j + a - 12. Calculate the remainder when d is divided by j.
5
Let j(r) = 2*r**2 + 6*r - 9. Calculate the remainder when 183 is divided by j(4).
42
Let d = -11 + 48. Suppose -4*n - 672 = 2*n. What is the remainder when d is divided by 96/7 - 32/n?
9
Suppose -26*o - 252 + 850 = 0. Calculate the remainder when 104 is divided by o.
12
Calculate the remainder when 387 is divided by (15 + -10)*31/5 - 1.
27
Let p(b) = b. Let x be p(-2). Let d be 33/(-12)*x*2. Suppose 7*a + 4 = d*a. Calculate the remainder when 2 is divided by a.
0
Suppose 7 = -u + 94. Calculate the remainder when u is divided by 11.
10
Let p = 535 + -484. What is the remainder when p is divided by 32?
19
Let i be (5 - 8 - -6) + -20. What is the remainder when 117 is divided by (-3)/(-6)*-2*i?
15
Let f = 55 + -98. Let u = f - -65. Calculate the remainder when 62 is divided by u.
18
Let a = 24 + -16. Suppose 0 = -70*c + 69*c - 5. Let s = a - c. Calculate the remainder when s is divided by 8.
5
Suppose -3*z + 9 = -d, 0*z + 5*z - 23 = -d. Suppose w - 196 = -d*w. Let x = -81 + 94. Calculate the remainder when w is divided by x.
10
Let o be (-609)/6 + (-2)/(-4). Let m = 126 + o. Calculate the remainder when 97 is divided by m.
22